 - 33000?
-124334
In base 13, what is 2c00 - -6?
2c06
In base 7, what is 2546 + 416?
3265
In base 16, what is -1f440 - e?
-1f44e
In base 8, what is 3114 + -412?
2502
In base 6, what is -5351 + 540?
-4411
In base 9, what is -2 - 767078?
-767081
In base 3, what is 11 + -22121110?
-22121022
In base 7, what is -46 - -1113002?
1112623
In base 10, what is 4 - -7084?
7088
In base 10, what is -79 + 2351?
2272
In base 13, what is -270776 - 2?
-270778
In base 2, what is 10100011 - -10000?
10110011
In base 14, what is -8aa0 - 6?
-8aa6
In base 4, what is -200 - -3201102?
3200302
In base 4, what is -23 - 332012?
-332101
In base 6, what is 2 + -214542?
-214540
In base 10, what is -9 - -243?
234
In base 13, what is 4 + 2598?
259c
In base 6, what is -3 - 10514213?
-10514220
In base 11, what is -37 + -311?
-348
In base 12, what is -12800 - 32?
-12832
In base 2, what is 1111 - -101110010001?
101110100000
In base 10, what is -811 - -39?
-772
In base 11, what is 2970 - -57?
2a17
In base 12, what is -300 - 1313?
-1613
In base 14, what is -1545 - -25?
-1520
In base 16, what is -3a - 33ee?
-3428
In base 8, what is -353007 - 5?
-353014
In base 9, what is 125880 + 3?
125883
In base 2, what is 100011110110001 - -1100?
100011110111101
In base 8, what is 1451 + -136?
1313
In base 14, what is 15b + -468?
-30b
In base 16, what is -20e13 - f?
-20e22
In base 2, what is 110011000111111 - 11001?
110011000100110
In base 2, what is 101 + -11110000001011?
-11110000000110
In base 15, what is 1200 + -10?
11e0
In base 14, what is -d + -6a5?
-6b4
In base 4, what is 10 + -1032333?
-1032323
In base 13, what is -9c846c + -2?
-9c8471
In base 4, what is -122302320 + -1?
-122302321
In base 14, what is 3d + -486?
-447
In base 4, what is -13311200 - 3?
-13311203
In base 8, what is -1205 - 6122?
-7327
In base 6, what is -1540250 + -11?
-1540301
In base 4, what is 0 - 2302012133?
-2302012133
In base 2, what is -100010110110 - -1110001011?
-10100101011
In base 3, what is -1000112201012202 + 11?
-1000112201012121
In base 10, what is -22 + 123350?
123328
In base 16, what is 4073f8 + 1?
4073f9
In base 3, what is -1111202120201 + -12?
-1111202120220
In base 9, what is 248430 - 3?
248426
In base 10, what is -4402 - 35?
-4437
In base 4, what is 23121 - -303320?
333101
In base 2, what is 10111011 - 111?
10110100
In base 12, what is -187 + -6b?
-236
In base 6, what is 13150 - -3120?
20310
In base 16, what is 71c + -2a?
6f2
In base 14, what is 3b - 14?
27
In base 8, what is -3 + -16101?
-16104
In base 12, what is -2 + a8a?
a88
In base 3, what is 200112101002 + 11?
200112101020
In base 9, what is -1 + -44586?
-44587
In base 10, what is -1536 + 0?
-1536
In base 3, what is -2012000 + 1111?
-2010112
In base 7, what is -65 - -13360?
13262
In base 4, what is -211030133 - -2?
-211030131
In base 4, what is -31330 - 23303?
-121233
In base 16, what is -7f41 + d?
-7f34
In base 4, what is -10 + 21212313?
21212303
In base 3, what is 100102000 - 2?
100101221
In base 8, what is 5 + 2026?
2033
In base 8, what is 4 + -2102723?
-2102717
In base 14, what is 24793 + 4?
24797
In base 11, what is 15641 - 31?
15610
In base 15, what is 2 - -2378e?
23791
In base 3, what is -2210 - 1110120?
-1120100
In base 12, what is -1748 - -5a?
-16aa
In base 12, what is 4 - -4401?
4405
In base 9, what is 5 - -6287?
6303
In base 7, what is -1431620 + -2?
-1431622
In base 13, what is 0 + -19b0?
-19b0
In base 7, what is 26120032 + -5?
26120024
In base 8, what is 71204 - -114?
71320
In base 8, what is 2 - 1006532?
-1006530
In base 12, what is -5a - -b031?
ab93
In base 10, what is 2 + 302112?
302114
In base 16, what is -79e5 - -4?
-79e1
In base 2, what is 111010111001000 - 11?
111010111000101
In base 6, what is -5505 - -553?
-4512
In base 3, what is -1 - -21200122001?
21200122000
In base 7, what is 2 + -54643?
-54641
In base 13, what is 24b2cc + -5?
24b2c7
In base 15, what is 4 - -2478?
247c
In base 11, what is 5 - 26a231?
-26a227
In base 2, what is 1011001100 - -100?
1011010000
In base 14, what is 11cac + 0?
11cac
In base 8, what is 13241 - 252?
12767
In base 7, what is 11324 - -34?
11361
In base 9, what is -220 - -13?
-206
In base 16, what is -2 - a894f?
-a8951
In base 10, what is 119 + 13597?
13716
In base 13, what is 16 + -3231c?
-32306
In base 7, what is 6323234 - 4?
6323230
In base 11, what is 105270 + -2?
105269
In base 16, what is 0 - 2101?
-2101
In base 16, what is -5 + -1f6e?
-1f73
In base 5, what is 3 + -4212134?
-4212131
In base 12, what is -171 - 10aa?
-125b
In base 14, what is -2c - 5cd8?
-5d26
In base 14, what is 24384 + -1?
24383
In base 6, what is 1352 - -532?
2324
In base 4, what is 0 - 100130?
-100130
In base 7, what is 1315 - -33?
1351
In base 8, what is -151023 + -2?
-151025
In base 2, what is -11 + -1110101000101?
-1110101001000
In base 11, what is 25443 - 1?
25442
In base 4, what is -123311330 - 20?
-123312010
In base 13, what is -615 - -174?
-471
In base 9, what is -1157 - -1374?
216
In base 16, what is -15cc75 + -3?
-15cc78
In base 5, what is 1140 + 2322?
4012
In base 13, what is -1064 + -549?
-15b0
In base 9, what is -81135 - -36?
-81088
In base 2, what is -1010101110101 + 100?
-1010101110001
In base 6, what is 3223 + 5141?
12404
In base 11, what is 213 + 57?
26a
In base 6, what is -3 - 103232?
-103235
In base 9, what is 1052133 - 4?
1052128
In base 3, what is 111120111002210 + -11?
111120111002122
In base 2, what is -10100101 - -1011000001?
1000011100
In base 3, what is 102002221 + -2?
102002212
In base 14, what is b2 - 373?
-2a1
In base 13, what is 4 - 6bb24?
-6bb20
In base 8, what is 2 + -263171?
-263167
In base 15, what is 19 - 11?
8
In base 15, what is 9d - -20ba?
2168
In base 5, what is 114111 - 211?
113400
In base 8, what is 106247 + 12?
106261
In base 9, what is -5370562 + 1?
-5370561
In base 10, what is 1 + 1434?
1435
In base 11, what is a87 - -9?
a95
In base 4, what is 31322200 - 1?
31322133
In base 6, what is 0 + -300540?
-300540
In base 7, what is -220 + -10643?
-11163
In base 4, what is -2 + -1303301?
-1303303
In base 12, what is 7 + 1142b?
11436
In base 6, what is -232230 + -10?
-232240
In base 10, what is -6 + 11609?
11603
In base 4, what is -11310022 - -11?
-11310011
In base 14, what is -6 + 24067?
24061
In base 3, what is -2 - 20212022121?
-20212022200
In base 13, what is 101ab4 + -1?
101ab3
In base 15, what is 81 + -176?
-e5
In base 13, what is -4 + -108911?
-108915
In base 10, what is -1 - -28481?
28480
In base 4, what is -111 - 21030?
-21201
In base 14, what is -3a198 - 4?
-3a19c
In base 2, what is -1100 + 11000001?
10110101
In base 11, what is 21a4 + 242?
2436
In base 5, what is -4 - -1124421?
1124412
In base 10, what is 21 + -2479?
-2458
In base 9, what is 2520 + -74?
2435
In base 6, what is 1251454 - -10?
1251504
In base 3, what is 20221021000 + -2?
20221020221
In base 10, what is 838 - 134?
704
In base 13, what is -8 - 1514?
-151c
In base 11, what is -6804 + 7?
-67a8
In base 10, what is 545341 + 3?
545344
In base 14, what is 31c + -111?
20b
In base 14, what is 6cb780 + -5?
6cb779
In base 14, what is -33 - 30c?
-341
In base 5, what is 121342 - 30?
121312
In base 14, what is 0 - -4651?
4651
In base 4, what is 31323 + 123123?
221112
In base 5, what is 2 + 10031332?
10031334
In base 14, what is 1 + -7385?
-7384
In base 3, what is -121 + 202121200?
202121002
In base 14, what is -442c + -5?
-4433
In base 10, what is 21497 - 2?
21495
In base 15, what is 10055 + 5?
1005a
In base 10, what is -38132 + -3?
-38135
In base 7, what is 102332 - 0?
102332
In base 8, what is 14 + 11461?
11475
In base 8, what is -1 + -13323?
-13324
In base 12, what is 17 - a319?
-a302
In base 8, what is 4 + -473245?
-473241
In base 8, what is 14 - 64166?
-64152
In base 4, what is 1222120 - -10?
1222130
In base 2, what is 101 - -1010000000101100?
1010000000110001
In base 6, what is 105042 - 41?
105001
In base 3, what is 2 - 1022101110?
-1022101101
In base 9, what is -450317 - 0?
-450317
In base 4, what is 10101 - 212?
3223
In base 12, what is 340 - -1a3?
523
In base 6, what is -4 + 304423?
304415
In base 10, what is -2418 + 131?
-2287
In base 14, what is -1bc - -401?
223
In base 16, what is 1d07 - -5?
1d0c
In base 11, what is -5 - 7582?
-7587
In base 11, what is 10a125 - 4?
10a121
In base 9, what is 4 - -17456?
17461
In base 2,